50 and 152.
38
What is the greatest common factor of 168 and 120?
24
Calculate the highest common factor of 342 and 18.
18
Calculate the greatest common divisor of 5447 and 65.
13
What is the greatest common divisor of 9 and 90?
9
What is the highest common divisor of 2241 and 1411?
83
Calculate the highest common factor of 75 and 90.
15
What is the highest common factor of 855 and 135?
45
Calculate the highest common factor of 308 and 1606.
22
What is the highest common divisor of 22 and 6974?
22
What is the highest common divisor of 108 and 621?
27
What is the greatest common divisor of 44 and 198?
22
Calculate the greatest common factor of 44 and 3058.
22
What is the greatest common factor of 108 and 2187?
27
Calculate the highest common divisor of 8740 and 152.
76
What is the greatest common divisor of 156 and 208?
52
Calculate the greatest common factor of 702 and 91.
13
Calculate the greatest common factor of 448 and 8.
8
What is the greatest common divisor of 14 and 2506?
14
Calculate the highest common factor of 14 and 2632.
14
Calculate the highest common factor of 57 and 2109.
57
Calculate the greatest common factor of 5328 and 576.
144
What is the greatest common factor of 8624 and 98?
98
Calculate the greatest common divisor of 350 and 77.
7
What is the greatest common factor of 516 and 1161?
129
What is the greatest common divisor of 11630 and 10?
10
Calculate the greatest common factor of 16 and 7896.
8
Calculate the highest common divisor of 5089 and 63.
7
What is the highest common factor of 34 and 2125?
17
What is the greatest common divisor of 1375 and 22?
11
What is the greatest common divisor of 2047 and 23?
23
Calculate the highest common factor of 969 and 918.
51
What is the greatest common factor of 584 and 1314?
146
Calculate the greatest common factor of 190 and 114.
38
What is the greatest common divisor of 1148 and 5576?
164
Calculate the highest common factor of 416 and 1196.
52
What is the greatest common factor of 62 and 4?
2
Calculate the greatest common divisor of 79 and 13193.
79
What is the highest common divisor of 22 and 187?
11
What is the highest common factor of 185 and 1591?
37
Calculate the highest common factor of 837 and 27.
27
Calculate the highest common factor of 539 and 49.
49
What is the highest common factor of 14 and 8?
2
What is the highest common factor of 168 and 744?
24
What is the greatest common divisor of 20356 and 28?
28
Calculate the greatest common divisor of 180 and 18.
18
What is the highest common divisor of 18 and 774?
18
Calculate the greatest common divisor of 25 and 80.
5
Calculate the greatest common factor of 8080 and 112.
16
Calculate the greatest common divisor of 226 and 1921.
113
What is the highest common factor of 81 and 333?
9
What is the highest common divisor of 30 and 230?
10
What is the highest common factor of 8 and 3?
1
What is the highest common factor of 26250 and 14?
14
What is the highest common divisor of 603 and 81?
9
Calculate the greatest common divisor of 40 and 2440.
40
What is the highest common factor of 13122 and 36?
18
Calculate the highest common divisor of 8 and 112.
8
Calculate the highest common divisor of 8215 and 3445.
265
Calculate the greatest common divisor of 20 and 220.
20
What is the greatest common divisor of 3612 and 84?
84
Calculate the highest common divisor of 1260 and 2310.
210
Calculate the greatest common factor of 5945 and 820.
205
What is the highest common divisor of 6276 and 6?
6
What is the greatest common factor of 1053 and 108?
27
What is the highest common divisor of 312 and 24?
24
What is the highest common factor of 288 and 6?
6
What is the highest common factor of 33 and 16467?
33
Calculate the highest common factor of 69 and 18078.
69
What is the highest common divisor of 6 and 558?
6
Calculate the greatest common factor of 20 and 2740.
20
What is the greatest common factor of 1341 and 36?
9
Calculate the greatest common factor of 144 and 208.
16
Calculate the greatest common divisor of 1584 and 192.
48
Calculate the greatest common divisor of 34 and 170.
34
Calculate the greatest common divisor of 5289 and 369.
123
What is the greatest common divisor of 30 and 345?
15
What is the greatest common factor of 129 and 6?
3
Calculate the highest common divisor of 17 and 85.
17
Calculate the highest common divisor of 34 and 153.
17
What is the greatest common factor of 8 and 88?
8
What is the greatest common factor of 228 and 96?
12
What is the highest common divisor of 57 and 1805?
19
What is the highest common divisor of 532 and 171?
19
What is the greatest common divisor of 18 and 32?
2
Calculate the highest common factor of 64 and 3.
1
What is the greatest common factor of 75 and 105?
15
What is the greatest common divisor of 792 and 36?
36
Calculate the highest common divisor of 127 and 1.
1
What is the greatest common factor of 55 and 99?
11
Calculate the greatest common factor of 196 and 140.
28
What is the greatest common factor of 336 and 3?
3
Calculate the greatest common divisor of 2212 and 98.
14
Calculate the greatest common factor of 54 and 240.
6
Calculate the highest common factor of 187 and 77.
11
What is the greatest common divisor of 42 and 24?
6
What is the highest common divisor of 1484 and 3604?
212
What is the greatest common factor of 95 and 608?
19
Calculate the highest common factor of 928 and 638.
58
What is the highest common factor of 4790 and 20?
10
What is the highest common divisor of 32 and 212?
4
Calculate the greatest common factor of 24 and 1164.
12
Calculate the highest common divisor of 453 and 1057.
151
Calculate the greatest common factor of 228 and 48.
12
Calculate the greatest common divisor of 44 and 132.
44
What is the highest common factor of 12 and 12?
12
What is the greatest common factor of 2133 and 1242?
27
What is the highest common factor of 391 and 323?
17
What is the greatest common factor of 104 and 26?
26
What is the greatest common divisor of 745 and 25?
5
Calculate the greatest common factor of 12861 and 27.
9
Calculate the greatest common divisor of 3817 and 11.
11
What is the greatest common factor of 851 and 92?
23
Calculate the greatest common factor of 72 and 1656.
72
What is the highest common divisor of 13366 and 82?
82
What is the greatest common factor of 15 and 915?
15
What is the greatest common divisor of 15 and 310?
5
What is the greatest common divisor of 528 and 660?
132
Calculate the greatest common divisor of 1130 and 1808.
226
Calculate the greatest common divisor of 1224 and 153.
153
What is the highest common divisor of 1450 and 232?
58
Calculate the greatest common divisor of 6939 and 3.
3
Calculate the greatest common factor of 280 and 35.
35
What is the greatest common divisor of 33159 and 42?
21
Calculate the highest common factor of 7268 and 92.
92
What is the highest common factor of 30 and 8310?
30
Calculate the highest common factor of 143 and 39.
13
What is the highest common factor of 100 and 3480?
20
Calculate the greatest common divisor of 355 and 10.
5
What is the highest common divisor of 9317 and 154?
77
Calculate the highest common factor of 1376 and 86.
86
Calculate the greatest common divisor of 28873 and 13.
13
Calculate the highest common divisor of 1826 and 22.
22
What is the greatest common divisor of 40 and 70?
10
Calculate the highest common factor of 375 and 1275.
75
What is the highest common factor of 5559 and 1199?
109
What is the highest common divisor of 558 and 620?
62
Calculate the greatest common divisor of 225 and 18.
9
What is the highest common divisor of 2280 and 57?
57
What is the highest common factor of 15399 and 783?
261
Calculate the greatest common factor of 280 and 3864.
56
Calculate the greatest common divisor of 72 and 152.
8
What is the highest common divisor of 24 and 564?
12
Calculate the greatest common divisor of 5797 and 34.
17
What is the greatest common factor of 24319 and 586?
293
Calculate the highest common factor of 72 and 1224.
72
What is the highest common divisor of 1160 and 1440?
40
Calculate the greatest common divisor of 205 and 10.
5
What is the greatest common factor of 74 and 962?
74
What is the greatest common factor of 62 and 41788?
62
What is the highest common divisor of 24